23185 (base 13) in base 5?
4244200043
10221202021020 (base 3) to base 4
20000332311
What is 25313233 (base 6) in base 14?
174417
Convert -395aaa (base 11) to base 16.
-9813b
Convert -3622093 (base 10) to base 3.
-20211000120121
What is -301126 (base 9) in base 16?
-2b73d
-664a (base 11) to base 4
-2020332
What is -11101001001111100000100 (base 2) in base 12?
-2686b70
What is 3a47b8 (base 14) in base 5?
1003311032
2064311 (base 7) to base 15
4e68b
-8bcf (base 16) to base 15
-a911
What is -2201312 (base 5) in base 15?
-b28c
What is 12c9a (base 15) in base 14?
17d36
What is -101011110011110110 (base 2) in base 16?
-2bcf6
Convert 131146 (base 8) to base 11.
31349
Convert 2738b7 (base 14) to base 2.
101001010101100011001
What is -1112120210202 (base 3) in base 14?
-174421
1001110111000001010 (base 2) to base 9
542160
What is 19a636 (base 11) in base 5?
34310040
3e2a1 (base 15) to base 2
110000110000101110
Convert 5071 (base 11) to base 14.
264d
244503531 (base 6) to base 14
8a6aab
What is 100112010120111 (base 3) in base 4?
103103220100
Convert 40123201 (base 6) to base 12.
466501
243927 (base 12) to base 9
1084334
Convert 211101210020 (base 3) to base 15.
8a979
211102112110012 (base 3) to base 8
55356636
-130060 (base 12) to base 14
-81544
Convert -3b124a (base 16) to base 11.
-220462a
-186560 (base 10) to base 8
-554300
Convert -1110001110000101011 (base 2) to base 3.
-212200011220
342535 (base 8) to base 4
130111131
12505415 (base 6) to base 2
1100100111010110011
What is -227580 (base 12) in base 11?
-347842
577964 (base 12) to base 10
1402780
-20156321 (base 7) to base 15
-232348
43355a6 (base 12) to base 9
26011310
What is 11111110111111101101 (base 2) in base 7?
11610035
231c60 (base 15) to base 8
6312766
Convert 21040300 (base 6) to base 7.
5125506
Convert -11341023 (base 6) to base 4.
-1112300013
4bba4 (base 12) to base 6
2115524
1071520 (base 8) to base 15
5b644
5894a (base 13) to base 5
20140324
Convert 86853 (base 12) to base 4.
223110333
What is 110110010111111011 (base 2) in base 3?
102022111201
Convert 6d0e9 (base 16) to base 10.
446697
-651664 (base 7) to base 16
-1bb7a
7d459 (base 15) to base 9
667573
Convert -10101111111110001111 (base 2) to base 14.
-14a967
Convert -310003102 (base 4) to base 9.
-354411
Convert -5524111 (base 6) to base 4.
-1003103023
What is 5b573 (base 13) in base 7?
1266352
What is 111100110001011100 (base 2) in base 11?
160025
-24ea23 (base 15) to base 5
-423131113
-52a4 (base 12) to base 5
-242202
651100 (base 7) to base 10
113239
Convert 389763 (base 11) to base 4.
2111230320
Convert -30221444 (base 5) to base 8.
-730714
14611 (base 7) to base 6
30511
What is 381020 (base 12) in base 11?
574893
-17256a3 (base 12) to base 2
-10010001110101110011011
63051 (base 8) to base 16
6629
Convert -305618 (base 12) to base 7.
-6266066
-11364434 (base 10) to base 13
-247b923
Convert -102132415 (base 6) to base 5.
-424111204
Convert 202212212022102 (base 3) to base 9.
22785272
Convert 225568 (base 9) to base 5.
13312312
-14234001 (base 6) to base 9
-821761
-1112021012 (base 4) to base 3
-122221000002
What is 830017 (base 10) in base 7?
10024606
What is -1123154 (base 7) in base 5?
-13443000
-133530140 (base 6) to base 3
-12002021202020
-26503 (base 7) to base 11
-5382
87573 (base 10) to base 14
23cb3
Convert 100101100110000100111111 (base 2) to base 10.
9855295
What is -111001202012120 (base 3) in base 8?
-32370652
Convert 119732 (base 11) to base 15.
3ad03
22c19a (base 16) to base 10
2277786
Convert 33213111 (base 4) to base 2.
1111100111010101
110111010100100000010 (base 2) to base 13
4b6135
Convert 10256216 (base 7) to base 14.
18977d
What is 1f5ed (base 16) in base 8?
372755
What is 44365401 (base 7) in base 14?
71a471
What is 4024412442 (base 5) in base 9?
16121277
What is -153430344 (base 6) in base 2?
-1100011010100001111000
101012200 (base 3) to base 12
4383
What is -40719 (base 12) in base 7?
-466551
15037814 (base 9) to base 7
120312442
50666 (base 11) to base 8
220423
Convert 829155 (base 11) to base 9.
2446181
Convert 10100010111001011111110 (base 2) to base 10.
5337854
What is -46020053 (base 7) in base 6?
-221501122
What is -111330100122 (base 4) in base 5?
-2433024314
Convert 107225 (base 10) to base 15.
21b85
Convert 1566147 (base 8) to base 16.
6ec67
What is -12541010 (base 7) in base 6?
-40413102
What is 244405223 (base 6) in base 10?
4697871
What is -42b2b (base 12) in base 3?
-11110201222
3282421 (base 10) to base 13
8ac07c
Convert 13101151 (base 6) to base 10.
427963
What is 1443241112 (base 5) in base 12?
137376b
Convert -54157 (base 10) to base 16.
-d38d
What is -11210212122022 (base 3) in base 12?
-a33445
Convert -2a953b7 (base 12) to base 5.
-4203443443
Convert 2063560 (base 7) to base 15.
4e59a
-1895813 (base 10) to base 6
-104344525
Convert -1224131013 (base 5) to base 14.
-570122
Convert -1010101001010000 (base 2) to base 11.
-2a837
What is -210032100 (base 4) in base 11?
-a1520
100010010101010111001 (base 2) to base 7
12364012
-2474520 (base 8) to base 9
-1255524
Convert -52b88 (base 13) to base 6.
-3110334
-1300a18 (base 12) to base 2
-1110001111100110110100
-477477 (base 8) to base 12
-7a853
What is 5456513 (base 7) in base 14?
136143
Convert 10101111111111111111010 (base 2) to base 12.
1b2158a
Convert -432965 (base 11) to base 12.
-294525
-174240 (base 9) to base 6
-2152230
Convert -189495b (base 13) to base 2.
-11110110000111001001011
Convert 16509a4 (base 13) to base 2.
11011011101100100110011
Convert -1101221211220 (base 3) to base 10.
-747114
-8793b4 (base 12) to base 4
-20031113320
Convert -11010143 (base 6) to base 11.
-204438
Convert -555512 (base 6) to base 13.
-182ba
What is 40aed (base 15) in base 12?
9a751
Convert -1111341022 (base 5) to base 12.
-9a1660
Convert -c5ab8 (base 16) to base 7.
-6611341
Convert 12110202220202 (base 3) to base 11.
1707347
Convert 3153746 (base 8) to base 14.
17ca58
What is 101413132 (base 5) in base 8?
1463720
What is -26449 (base 16) in base 13?
-56464
What is 10001010111111101001000 (base 2) in base 3?
22120101200201
What is 3129530 (base 11) in base 8?
25030501
Convert -757b9 (base 15) to base 3.
-200221122210
-510a360 (base 12) to base 10
-15196536
2a833 (base 15) to base 5
13334343
Convert 1657427 (base 10) to base 15.
22b152
-64243 (base 14) to base 5
-30220143
Convert 288852 (base 11) to base 15.
8d903
8cab (base 16) to base 5
2123021
-3146516 (base 7) to base 10
-381674
Convert 2202432 (base 6) to base 14.
2bc68
What is -1770b8 (base 13) in base 10?
-586750
3003023030 (base 4) to base 8
3031314
-352472 (base 8) to base 4
-131110322
Convert 32715 (base 10) to base 15.
9a60
What is 4312301440 (base 5) in base 10?
9103370
What is 1719864 (base 10) in base 16?
1a3e38
What is -331109 (base 10) in base 14?
-88949
Convert -10321234 (base 5) to base 6.
-1523440
Convert 3222660 (base 7) to base 16.
5fcc1
Convert -3400424 (base 6) to base 10.
-171232
-33122160 (base 7) to base 4
-22312310022
Convert -793445 (base 10) to base 6.
-25001205
What is -91876 (base 16) in base 5?
-123033321
What is 23777 (base 8) in base 6?
115223
Convert -110021110001 (base 3) to base 13.
-85c96
12bb3 (base 15) to base 16
ea72
-5a936 (base 14) to base 15
-458a7
2111144 (base 6) to base 9
165741
-41366 (base 10) to base 15
-c3cb
-1d7234 (base 14) to base 4
-10002001232
Convert -302303001 (base 5) to base 11.
-759285
Convert -1512650 (base 7) to base 16.
-3212c
Convert -b2e8d4 (base 15) to base 13.
-19b973c
324014 (base 8) to base 4
122200030
What is -63642 (base 7) in base 16?
-3d8f
85774 (base 12) to base 8
527010
Convert 110122000222 (base 3) to base 14.
66863
What is -12143685 (base 9) in base 15?
-7c32ce
What is 113c5d (base 15) in base 8?
3107201
What is 7552573 (base 8) in base 2?
111101101010101111011
Convert 885039 (base 12) to base 16.
2109ed
-4541505 (base 6) to base 4
-320122301
What is 164314 (base 8) in base 14?
17a0c
What is 2020000201111 (base 3) in base 5?
300302011
Convert -10312330 (base 5) to base 15.
-1b32a
326656 (base 8) to base 3
12120220000
What is 221201001 (base 4) in base 2?
101001100001000001
What is 1020012121011 (base 3) in base 16?
9f934
43344 (base 5) to base 12
187a
2305272 (base 10) to base 4
20302303320
What is -196127 (base 10) in base 1